 what is 110010100010011 + 101010111?
110011001101010
In base 12, what is 0 - 150a5680?
-150a5680
In base 2, what is -10011100001110 + -10110001000001?
-101001101001111
In base 4, what is 103221 - 112121120?
-112011233
In base 6, what is 213 + -15233045?
-15232432
In base 10, what is -791382 - -40?
-791342
In base 10, what is 17629949 - -5?
17629954
In base 2, what is -100000001 + 110110010101000?
110101110100111
In base 2, what is 1001011101001 - -1010011011111111?
1011100111101000
In base 8, what is 3 - 4515130?
-4515125
In base 15, what is -77142 - 1b?
-7715d
In base 7, what is 604411052 - 123?
604410626
In base 6, what is -1314430200 + 4?
-1314430152
In base 15, what is -12ad2 - 3016?
-15ae8
In base 13, what is 804815 + -53?
804792
In base 15, what is 3 + 1ac1623?
1ac1626
In base 13, what is -1 + -43905c7?
-43905c8
In base 12, what is 2 + -7bbb96?
-7bbb94
In base 14, what is -3 + -529768b?
-5297690
In base 7, what is -1116501055 + -3?
-1116501061
In base 14, what is 15b - -3475?
35d2
In base 12, what is -a9ba34 + 3?
-a9ba31
In base 15, what is 79c8 + -113?
78b5
In base 7, what is 2624064322 - -5?
2624064330
In base 13, what is 616 - 2c93?
-267a
In base 7, what is 0 - -534065303?
534065303
In base 9, what is 175155 + 14213?
200368
In base 2, what is 11010 + -110110001010010100?
-110110001001111010
In base 13, what is -1a8 + -4c252?
-4c42a
In base 5, what is 24341031 - -11310?
24402341
In base 10, what is 197981034 - -2?
197981036
In base 6, what is 4 + 1152333251?
1152333255
In base 16, what is -1108b0 + 35?
-11087b
In base 16, what is 5c - -9e234?
9e290
In base 9, what is 1730846651 + -4?
1730846646
In base 3, what is 102022210202002202 - 10?
102022210202002122
In base 12, what is -48ba48 + -2?
-48ba4a
In base 11, what is 4477103 + -15?
4477099
In base 9, what is 3 + -751447355?
-751447352
In base 11, what is 53 - -650133?
650186
In base 7, what is -26053552 + 13?
-26053536
In base 4, what is -23 - 113133230?
-113133313
In base 4, what is -1333203130 - -2001?
-1333201123
In base 15, what is 2 + -3ab69d?
-3ab69b
In base 6, what is 123 + 51111315?
51111442
In base 16, what is 267d19e - 6?
267d198
In base 3, what is 1112 + -111201012100202?
-111201012022020
In base 5, what is 24440243 + -40?
24440203
In base 4, what is -102222301 - -112?
-102222123
In base 13, what is 1663a8c4 + -3?
1663a8c1
In base 14, what is 159bc4 + 15b?
159d41
In base 13, what is -4170953a + 2?
-41709538
In base 12, what is 89312 - -92?
893a4
In base 10, what is 970 + -3317?
-2347
In base 6, what is -20503 + 453513?
433010
In base 8, what is -125247 + -377?
-125646
In base 5, what is -11 - 244412124?
-244412140
In base 7, what is -26501255 + -16?
-26501304
In base 3, what is -220022211 - -1000202?
-212022002
In base 14, what is -4 - 1898c7?
-1898cb
In base 16, what is 5 - 15f2ee8?
-15f2ee3
In base 12, what is -6 - -4514526?
4514520
In base 16, what is b5bf4 + -d9?
b5b1b
In base 16, what is -41 - 670e5?
-67126
In base 11, what is -528 + 50a931?
50a404
In base 14, what is -2a2 + -1b9a8a?
-1b9d4c
In base 12, what is 94 + -b706?
-b632
In base 2, what is 110000001100110011100 + 1000101001?
110000001101111000101
In base 13, what is 4 + -1c6367?
-1c6363
In base 6, what is 10405 + -5154013?
-5143204
In base 8, what is 2 + -121750641?
-121750637
In base 7, what is 10614234142 - -2?
10614234144
In base 6, what is -10433 - 3302?
-14135
In base 4, what is 20021010 + 311?
20021321
In base 7, what is 5262231 - 235?
5261663
In base 13, what is 7 + -b681?
-b677
In base 10, what is 1085 + -4246?
-3161
In base 8, what is -2713404266 - -1?
-2713404265
In base 9, what is 1670 + -487872?
-486202
In base 12, what is -10943 - 1185?
-11b08
In base 9, what is 1125512 - 280?
1125222
In base 16, what is -42 - 1e8f1?
-1e933
In base 14, what is -a60c62 - a4?
-a60d26
In base 12, what is -9 + 3a8a8aa?
3a8a8a1
In base 14, what is -13326 + 6a6?
-12a60
In base 13, what is -2 + -7178c40?
-7178c42
In base 5, what is -24301341 + 210?
-24301131
In base 2, what is 1001000111110101000000100 - -11?
1001000111110101000000111
In base 8, what is -5561 + -5411?
-13172
In base 15, what is 340102 + -32?
3400c0
In base 15, what is -3d76a + -9?
-3d774
In base 8, what is -12 + 5165774?
5165762
In base 15, what is -1c - 62c?
-649
In base 16, what is 41c6f8 + -4?
41c6f4
In base 2, what is 1100001001 + -11000101100?
-1100100011
In base 7, what is 11 + -41516622?
-41516611
In base 10, what is -297932 - -12?
-297920
In base 13, what is 1671 + 740?
20b1
In base 13, what is -583a - -2c5?
-5545
In base 4, what is 312223202 - 22200?
312201002
In base 15, what is -2db8 + -750?
-3618
In base 11, what is 76 - 1a46503?
-1a46438
In base 4, what is -2 - 11210221203110?
-11210221203112
In base 10, what is 5383411 - -2?
5383413
In base 14, what is -2db5 - -2db3?
-2
In base 12, what is 4 - 70049b2?
-70049aa
In base 11, what is 300a9 + -8309?
228a0
In base 13, what is -6 + -134aac2?
-134aac8
In base 8, what is 51236 - 130606?
-57350
In base 10, what is 19501068 - 5?
19501063
In base 16, what is 27 - -1346f9?
134720
In base 15, what is -b9b765 + 3?
-b9b762
In base 9, what is -2322443407 + 0?
-2322443407
In base 6, what is 5111032 + -2412?
5104220
In base 3, what is -220021121 - -1010202200?
20111002
In base 13, what is -11 + -76263?
-76274
In base 13, what is 98b + 530c?
5c9a
In base 12, what is -a7 + -17163?
-1724a
In base 15, what is -b0b7 - 33b9?
-e481
In base 6, what is -34 - 202254314?
-202254352
In base 15, what is 2979e10d + -2?
2979e10b
In base 11, what is -83 + -89050?
-89123
In base 12, what is -79b - -660?
-13b
In base 13, what is 2a - -c0101?
c012b
In base 16, what is -14efa38 + a?
-14efa2e
In base 5, what is -10213122 + 214?
-10212403
In base 15, what is -11a + 275313?
2751e8
In base 9, what is -18025152 - 2?
-18025154
In base 7, what is 20346011 - 10?
20346001
In base 5, what is 4114143444 - 4?
4114143440
In base 5, what is 2043113 + 202320?
2300433
In base 5, what is 201321314 + -302?
201321012
In base 2, what is 1100001011000 - 1010101111101111?
-1001001110010111
In base 10, what is 3 + -38569344?
-38569341
In base 14, what is 2229b - 99?
22202
In base 12, what is -6 - -7413a7?
7413a1
In base 8, what is 66754457 + -1?
66754456
In base 4, what is -32333001 + -2323?
-33001330
In base 8, what is -1265 + 772746?
771461
In base 6, what is 235120501 + 14?
235120515
In base 7, what is -5 - -3626111253?
3626111245
In base 2, what is 1000011001100100001011100 + -10110?
1000011001100100001000110
In base 15, what is -1 + e41e37d?
e41e37c
In base 15, what is 0 - 1077ad1?
-1077ad1
In base 7, what is -41 + 15366424?
15366353
In base 6, what is 1 - 15542514032?
-15542514031
In base 15, what is 1841 - 10dd?
753
In base 4, what is -11002 + 122130031?
122113023
In base 15, what is 341 - a35d1?
-a3290
In base 14, what is 8 - 22384c0?
-22384b6
In base 16, what is -81d + 1f798?
1ef7b
In base 9, what is -14 - -46232083?
46232068
In base 15, what is 747d40 - -a?
747d4a
In base 14, what is -36c - 11dca?
-12358
In base 13, what is -3ba328 + -24?
-3ba34c
In base 12, what is 88 - 4b4aa4?
-4b4a18
In base 14, what is -508 + -2198?
-26a2
In base 6, what is -14225545 - -1351?
-14224154
In base 7, what is 52634 - 1042?
51562
In base 4, what is -10 + 13132322233?
13132322223
In base 10, what is -5781808 + -5?
-5781813
In base 6, what is 424 - -3503333?
3504201
In base 3, what is 12112221212 + 1000121202?
20120120121
In base 16, what is -a2 + 41460?
413be
In base 7, what is 16 + 1602603?
1602622
In base 6, what is 1 + 2125055535?
2125055540
In base 12, what is -2a - 14b03?
-14b31
In base 6, what is -4 + -344022014?
-344022022
In base 4, what is -1302321233221 - 2?
-1302321233223
In base 6, what is -243 + 1354551?
1354304
In base 16, what is -125194 + 1?
-125193
In base 2, what is 10 + 100100111111100110000000?
100100111111100110000010
In base 15, what is 9063 + 6a9?
971c
In base 3, what is 1 - 22212201120221?
-22212201120220
In base 9, what is 106255426 + -1?
106255425
In base 12, what is -68754 - -21?
-68733
In base 7, what is -614413 - -150?
-614233
In base 9, what is 1085316 + -174?
1085132
In base 11, what is -120802134 + 0?
-120802134
In base 14, what is -d + 5692a4c?
5692a3d
In base 6, what is 5422 + -100345?
-50523
In base 13, what is 1522607 + 